. Let t be (m - (-9)/6)/3*14. What is the highest common factor of t and 483?
7
Let f be (-1 - 1)/((-4)/18). Suppose 11*i + 5*i - 80 = 0. Suppose v + 5 = 0, i*m - v - 156 = 164. Calculate the highest common factor of f and m.
9
Suppose 8*t = 11*t - 45. Let q = 3 - 2. Let z = t + q. Calculate the greatest common factor of 96 and z.
16
Suppose -3*t - 2 = -2*q - 122, -4*q = -4*t + 164. Let c(r) = -41*r - 21. Let g be c(-7). Calculate the highest common divisor of g and t.
38
Suppose -5*m - 3*c + 3823 = 0, -2*m + 20*c = 17*c - 1525. Calculate the greatest common divisor of 4 and m.
4
Let c(y) be the second derivative of 7*y**3/6 - 3*y**2/2 + y. Let s be c(5). Suppose -68*v + 190 + 354 = 0. What is the highest common divisor of v and s?
8
Let y be -5 - (-7 + -13 + 2). What is the highest common factor of 260 and y?
13
Suppose -4*v = 183*f - 187*f + 76, -4*f = 4*v - 20. What is the highest common factor of 111 and f?
3
Let c(p) = p**2 + 3*p + 2. Let b be c(-1). Suppose b = -12*t + 233 + 247. What is the greatest common factor of 5 and t?
5
Let f(r) = 2*r**2 - 177*r - 233. Let h be f(90). What is the greatest common divisor of 1443 and h?
37
Let p be (12 + -3)/(1/19). Let d = -101 + p. Calculate the highest common divisor of d and 14.
14
Suppose -272 = -59*f + 55*f. Let p = 562 + f. What is the greatest common divisor of p and 63?
63
Suppose -5*k = 10*k - 360. Let t(v) = -2*v + 53. Let y be t(k). Calculate the highest common factor of 115 and y.
5
Suppose 11 = -5*z - 4, -2*f + 5*z + 39 = 0. What is the highest common factor of f and 369?
3
Suppose -n - 3*s - 2 = -34, 2*n = s + 29. Suppose -n*b = -18*b. Suppose -960 = -b*q - 6*q. Calculate the highest common factor of q and 20.
20
Suppose -4*o - 5*m = 60, 5*o + m = o - 76. Let u be (o - -22)/((-4)/(-10)). Suppose 5*c = -u + 130. What is the highest common divisor of 125 and c?
25
Let z be 1/((2/(-16))/((-6746)/16)) + 7. What is the highest common factor of z and 4420?
260
Suppose 17*a + 410 = 5*t + 12*a, -3*t = -5*a - 254. What is the highest common divisor of t and 21?
3
Let n(o) = 17*o**2 + 64*o + 12. Let h be n(-6). What is the highest common divisor of 855 and h?
15
Let z = -42 - -44. Suppose 245 = z*x - 17. Suppose 3*w - x = -t, 0 = -3*w - 3*t + 57 + 84. Calculate the highest common factor of 84 and w.
42
Suppose 25*l = -5*l + 163710. Calculate the greatest common divisor of 51 and l.
51
Let c = -236 - -461. Suppose -5697*d + 5693*d + 100 = -0. What is the greatest common factor of c and d?
25
Let w = 11455 + -8645. Calculate the greatest common divisor of w and 10.
10
Suppose 4*c = 6*g - 3*g - 14, 0 = -3*g + 5*c + 16. Suppose -2*n = g*r - 248, 0*n + n - 3*r = 132. Calculate the highest common divisor of n and 14.
14
Suppose 120*l - 15*l - 1260 = 0. Suppose 2*w + 0*w - 24 = 0. What is the greatest common divisor of l and w?
12
Suppose -3*f - 2*n + 366 = 0, -5*n + 255 = 82*f - 80*f. Calculate the highest common factor of 4920 and f.
120
Let m be 32/3 - 6/9. Let l be 7*(-2)/7*1/2. Let j = m + l. Calculate the greatest common divisor of j and 6.
3
Let b = -53651 + 77583. What is the greatest common divisor of 124 and b?
124
Let n(b) = b**2 - 56*b + 711. Let s be n(45). Let i(u) = -u + 144. Let g be i(0). What is the greatest common divisor of s and g?
72
Let x = 414311 - 414295. Let g(y) = 149*y**2 + y - 2. Let u be g(-2). Calculate the greatest common divisor of u and x.
16
Let m = 182 - 175. Suppose 10*t = 5*v + m*t - 19, 15 = -5*t. Let y(p) = -p - 3. Let j be y(-5). Calculate the greatest common divisor of v and j.
2
Let r = -2 + 9. Suppose -o - 11 = -5*x, 2*x - 66 = -4*o - 22. Suppose -p + o = -19. What is the greatest common factor of r and p?
7
Let p(o) = 26*o - 126. Let r be p(5). Suppose -r*f = -3*f - 4*l - 148, l = 2*f - 275. What is the highest common divisor of 102 and f?
34
Let f be (51/18*-1)/(2/(-12)). Suppose m - 14 = -2*l, -6*l + 61 = -l - 4*m. Let p be 2905/9 + l/((-162)/(-4)). What is the greatest common factor of p and f?
17
Let w(b) = 1587*b + 4800. Let p be w(-3). Suppose -4*m - m + 650 = 0. What is the highest common factor of m and p?
13
Let y(u) = 383569*u + 11 - 383567*u + 30. Let o be y(-16). What is the highest common divisor of 639 and o?
9
Let n be 1/19 - 75207/(-627). Suppose -o = -2*v - 14, -34 - 29 = -2*o - 3*v. Calculate the greatest common factor of o and n.
24
Let k be (-45)/12*8/18*-3. Let m be (3 - k)/((-10)/(-45))*-9. Let y = 14 - 5. Calculate the greatest common divisor of m and y.
9
Let d(k) = k**2 - 15*k - 82. Let l be d(23). Calculate the highest common divisor of 2397 and l.
51
Suppose -l - 2*l + 606 = 0. Let x(d) = -43*d - 901. Let t be x(-21). What is the highest common factor of t and l?
2
Suppose 14*m - 371 = 7*m. Let b = 51 - m. Let x be b/(-7) - (-8304)/42. Calculate the highest common divisor of 18 and x.
18
Suppose 2*a - 3*o = 2637, -580*o + 583*o = -3*a + 3933. Calculate the greatest common factor of a and 198.
18
Suppose -3*q + 15*u = 17*u - 373, -3*q + 4*u + 397 = 0. Calculate the greatest common divisor of 1016 and q.
127
Suppose 5*c - 798 = 402. Let a(m) = -2*m**3 - 10*m**2 + 21*m + 55. Let d be a(-9). Let x = -502 + d. What is the highest common divisor of x and c?
12
Let v(f) = -f**2 + f - 2. Let z be v(0). Let y be (0 - 0) + (-28)/z + 2. What is the greatest common factor of y and 12?
4
Let g = -15695 - -15911. What is the highest common factor of 711 and g?
9
Let p be 3/(-6) - 253/(-2). Let j(g) = -327*g - 5244. Let u be j(-17). What is the greatest common divisor of u and p?
63
Let l = 99 - 86. Let i be 1/(-3 + (-3010)/(-1001)). What is the highest common factor of l and i?
13
Let c be 15/(-3) + (-73)/(-15) - 5635/(-75). What is the greatest common divisor of c and 120?
15
Let h(o) = 17*o**2 + 20*o + 196. Let q be h(-18). What is the highest common divisor of q and 160?
32
Let b be 2/(-6)*(5 - 8). Let y be -6 + 7 + b + 3. What is the highest common factor of y and 25?
5
Let j = 43 - 47. Let v be (-73)/(-2) - j/(-8). Suppose 0 = v*k - 29*k - 273. What is the greatest common divisor of 13 and k?
13
Suppose -4*k + 2*v - 213 = 361, -4*k + 3*v = 577. Let o = k - -191. Calculate the greatest common factor of 1 and o.
1
Let m(n) = -n**2 - 32*n + 213. Let l be m(-29). What is the greatest common factor of l and 80?
20
Let p be (0 - 70)/(16/(-784)). Suppose 9*f - 5*f = 2*v - p, -4*f + 3414 = 2*v. What is the highest common factor of 59 and v?
59
Let d(f) = -2*f**3 + 42*f**2 + 17*f + 48. Let k be d(21). Suppose -k = -3*v + 3*a, a + 663 = -5*v + 10*v. Calculate the greatest common divisor of 33 and v.
33
Let z(p) = -p**3 + 5*p**2 + 6*p + 5. Let g be z(5). Suppose -3*m = -0*m - 3*l - 501, -676 = -4*m + 3*l. What is the greatest common factor of g and m?
35
Suppose -5*q - 28*k + 22*k + 25014 = 0, 2*k + 24982 = 5*q. What is the greatest common divisor of q and 408?
102
Suppose -3*b + 32*b + 314 = 575. What is the highest common factor of 6561 and b?
9
Let g be (37/((-148)/208))/(2*1/(-19)). Calculate the greatest common divisor of g and 130.
26
Suppose 5*t = f - 6*f + 5905, t = 2*f - 2371. Calculate the greatest common factor of 222 and f.
74
Let d(s) = 37*s + 9*s**2 + 3 - 17*s + 17*s**2 - 4*s**3 - 25*s. Let g be d(6). Calculate the highest common divisor of 15 and g.
15
Suppose 0 = 3*w - 97 - 29. Let f = 67 - w. Suppose z + f = 6*z. What is the greatest common factor of z and 1?
1
Let n(v) = v**3 - 24*v**2 - 21*v - 98. Let c be n(25). Suppose 3*s = -5*k - 0*s + 95, 0 = 5*k - c*s - 120. What is the highest common factor of 6 and k?
2
Let k(a) = a**3 + 21*a**2 - 21*a + 30. Let i be k(-22). Suppose g + 42 = i*g. Calculate the greatest common factor of 21 and g.
3
Let w be (100 + -101)/(((-4)/70)/(-2)). Let n = -96 + 139. Let i = w + n. What is the greatest common factor of i and 88?
8
Let o = 6230 - 6076. Let u = 251 - 153. Calculate the greatest common factor of o and u.
14
Let k be -21*103/6489*19*-9. Suppose n + 456 = 5*n. Calculate the highest common divisor of k and n.
57
Let q be ((-4)/8)/(1/218). Let y = q + 65. Let k = -2 - y. Calculate the greatest common factor of 63 and k.
21
Suppose l = -2, 0 = -4*a + 6*a - 4*l - 190. Let r = a - 83. Calculate the greatest common factor of 52 and r.
4
Let x be 15 + (12 - (19 + 1)). What is the highest com